= -87 + o + 45 + f. What is h(-4)?
0
Let t(u) = -6*u + 53. Let w(c) = -15*c + 119. Let z(m) = -9*t(m) + 4*w(m). Let h be 2/6 + (-16)/(-6). What is z(h)?
-19
Suppose -b = 6*s - 4*s - 11, -4*s - 5*b = -31. Let r(d) = 35 - 75 + 36 - d**3 + 3*d + s*d**2. What is r(5)?
-14
Suppose -5*n - 4*u - 11 = 0, -6*n + n - 18 = -3*u. Let h(b) = 2*b - 2. Let d(z) = 30*z - 31*z + 0 + 1. Let i(q) = -3*d(q) - 2*h(q). Calculate i(n).
4
Let m(x) = x**2 - 3. Suppose -3*q = 2*v + 37, -q - 2 - 3 = 0. Let w = v - -11. Suppose w*o = -4*g + o - 16, -4*g = o + 8. What is m(g)?
6
Let s(u) be the second derivative of 0*u**4 + 0 + 1/360*u**6 + 13*u + 1/120*u**5 + 0*u**2 - 5/2*u**3. Let q(i) be the second derivative of s(i). What is q(-1)?
0
Suppose 4*f + 2*d = 4*d + 78, 0 = f + 3*d - 16. Let v(c) = -c - f + 33 - 9. What is v(5)?
0
Let j = -4145 + 4140. Let u(a) = a**3 + 3*a**2 - 14*a - 25. Calculate u(j).
-5
Let o(z) = 3*z - 1. Let c(r) = -10*r + 2. Let s(y) = -4*c(y) - 11*o(y). Suppose 1078 = 160*w - 667*w - 32*w. Calculate s(w).
-11
Let l(i) = 2 - 223381*i + 213 + 223398*i. Calculate l(-13).
-6
Suppose 0 = -4*g - 22 + 2. Let y(i) = -10 + 1 + 2*i + 12 + 13. Let p be y(g). Let j(v) = -v**2 + 6*v + 8. Give j(p).
8
Let g = -33 - -36. Suppose c = -2*c + 3. Let r(l) = -c - 2*l**3 - 3*l + 14*l**3 - l**2 - 9*l**3 - 2*l**g. Give r(-2).
-7
Suppose 108*d + 48*d = 156. Let c(k) = 3*k**3 + k**2 - 2*k + 2. What is c(d)?
4
Let w(a) = 31*a**2 - 54*a - 31. Let x(d) = 44*d**2 - 82*d - 47. Let u(c) = -7*w(c) + 5*x(c). Determine u(11).
-7
Let x(n) = n**2 - 8*n - 11. Let o(s) = s**2 - 7*s - 8. Let m(u) = -3*o(u) + 2*x(u). Calculate m(0).
2
Let x(m) = 2*m**3 - 10*m**2 + 10*m - 7. Suppose 23*f - 27*f = 0, 2*a - 5*f - 6 = 0. Determine x(a).
-13
Let o(g) = g**3 + 22*g**2 - 48*g + 3. Let s(n) = -2*n**2 + n + 21. Let r be s(5). Let f be o(r). Let b(h) = -4*h + 2. Determine b(f).
-10
Let r(f) = 23565*f + 2*f**2 - f**2 - 23561*f - 7. Let p(u) = u**2 - 5*u - 3. Let h be p(4). What is r(h)?
14
Let r = 393 - 389. Suppose 2*o + 5*n + 9 = 0, -2*n - 11 = r*o + n. Let i(u) = -u**2 - u. Calculate i(o).
-2
Suppose 3*l + 0*l - 21 = 5*i, 3 = -3*l - 3*i. Let z(a) = 0*a + 4*a + l*a - 4*a - 3. Suppose -16*u - 93 = -173. What is z(u)?
7
Let l(g) = 4*g + 5*g + g. Suppose -48*k = 32013 - 31965. Calculate l(k).
-10
Let t(c) = 6*c**2 - 8 - c**3 + 277*c - 275*c - 5 + 0*c**2. Suppose -34 = 5*h - 64. Give t(h).
-1
Let h(y) be the second derivative of 5/2*y**2 + 1 - 6*y - 5/6*y**3. What is h(6)?
-25
Let a(z) be the third derivative of -z**5/40 + z**4/12 + 115*z**3/6 + z**2 - 135. Let f(o) be the first derivative of a(o). Determine f(-4).
14
Let z = 8665 - 8697. Let h(w) = -w**3 - 31*w**2 + 27*w - 164. Determine h(z).
-4
Let w(z) be the third derivative of 3*z**4/4 - 88*z**3/3 + 21*z**2 - 6. Give w(10).
4
Let q(n) = -14*n + 1. Suppose -28*x = -2*x - 130. Suppose -10 = -5*o + x*r, 4*r + 2 = 2*o - 4. What is q(o)?
-13
Suppose d = -d + 2*p + 4, -4*p + 34 = 2*d. Let w(n) be the third derivative of 0 + 5/6*n**3 - 3/8*n**4 + 1/60*n**5 + 0*n + 32*n**2. What is w(d)?
-9
Let l(x) be the first derivative of -x**6/120 - x**5/12 - x**4/12 + x**3/2 - 115*x**2/2 + 2*x + 127. Let t(a) be the second derivative of l(a). What is t(-4)?
-5
Let c(t) = -2*t**3 - 5*t**2 - 4*t + 2. Let p be c(-2). Suppose -9*h + 60 = p*h. Let k(f) = 2*f + 1. Give k(h).
9
Let h(u) = u - 18. Suppose 12*b + 15*b + 32*b = 413. What is h(b)?
-11
Suppose 17*b = 32*b + 240. Let p be -4 - (-166)/34 - b/136. Let z(a) = -6*a**2 + 3*a - 2. Determine z(p).
-5
Let t(k) be the first derivative of k**4/4 + 8*k**3/3 + 7*k**2/2 + 6*k - 544. What is t(-5)?
46
Let r(n) = -n**3 + 2*n**2 + 6*n - 14. Let l(z) = -849*z - 846. Let k be l(-1). Calculate r(k).
-5
Let z(a) = -107*a. Let x(m) = 39*m. Let n = -1309 + 1305. Let w(r) = n*z(r) - 11*x(r). Let g(f) = -f - 1. Let c be g(1). What is w(c)?
2
Let p be 258/(-10) + 192/240. Let g(b) = -b**2 - 26*b - 33. What is g(p)?
-8
Let n = 20 - 24. Let o(z) = -2*z**3 + z**2 + 4. Let l(j) = -j**3 + 2*j**2 + 5. Let m(y) = n*o(y) + 3*l(y). Calculate m(1).
6
Suppose 3*g - 355 = -250. Suppose 0 = l - 38 + g. Let n(o) = -3*o**2 + 9*o - 4. Give n(l).
-4
Let x(d) = -29*d - 278. Let y be x(-10). Suppose 0*t = t + 5*f - 14, -y = -4*f. Let m(l) = -10*l**2 + 1. Calculate m(t).
-9
Let t(s) = s**3 - 11*s**2 + 10*s + 9. Let d(p) = 24 - 28*p + 33*p + 3*p**2 - 18*p. Let a be d(2). Give t(a).
9
Let r be (-6)/(-14) + 27081/413. Let z(c) = 34 - c + 35 - r. Give z(-3).
6
Let v(x) = -9*x**2 - 5555*x + 3*x**3 + 2758*x - 4*x**3 + 2774*x. Give v(-4).
12
Let d(p) = -10*p**2 + 12*p - 19. Let z(j) = -3*j**2 - 3*j + 1. Let c(i) = d(i) - 4*z(i). Determine c(-13).
3
Let l(j) = -13 - 19*j + 58 - 17 + 141. Determine l(9).
-2
Let a(v) = -v**2 - 14*v + 3. Let b be a(-14). Let m(w) = 4 + 1 - 9 + 8*w + b*w**2. Let g(q) = 7*q**2 + 16*q - 8. Let h(r) = 2*g(r) - 5*m(r). Determine h(-8).
4
Let i(q) = 16*q - 8. Let h = 3196 - 3194. What is i(h)?
24
Let p(v) = -19 + 0*v**2 - 22*v - v**3 - 11*v**2 + 20*v**2 - 2*v**2 - 19*v**2. Give p(-10).
1
Suppose -5*f - 3 = 2, -u - 28 = -2*f. Let v be 12/u - 8/5. Let z(g) = 4*g + 3. Determine z(v).
-5
Let z(l) = -l**2 + 7*l - 10. Let h be z(5). Suppose h = 2*o + 1 - 7. Let b(w) = w**2 - w + 1. What is b(o)?
7
Let s = -4101 - -4086. Let x(t) = 6*t + 100. Calculate x(s).
10
Suppose 3048*r - 77 = 3059*r. Let w(j) = -j**2 - 5*j - 6. Determine w(r).
-20
Suppose 3*o + 0*b - 6 = -2*b, 4*b = 0. Let p(k) = 37 + k**2 - k + k**o - 35 - 9*k**2. Give p(2).
-28
Let k(c) = -7*c**3 - c**2 + 2*c - 1. Let l be k(1). Let q = l - -4. Let p(m) = 134*m - 12. Let f(y) = -21*y + 2. Let t(d) = -13*f(d) - 2*p(d). Determine t(q).
-17
Let x(f) = -2*f**2 + 3*f + 3. Let v be (26/3)/(-1 + 2/3). Let k = v + 29. Calculate x(k).
-6
Let d(m) = -m**2 + 5*m + 1. Let w(v) = -v**3 - 13*v**2 + 5*v + 21. Let f(g) = d(g) - w(g). Give f(-11).
101
Let v(b) = 0*b + 1 - b + 0*b. Let i = -155 + 155. Suppose i = 33*u - 40*u + 49. Give v(u).
-6
Let n(m) = m**2 - 94 + 181 - 3*m**3 + 2*m**3 + 3*m - 83. Calculate n(0).
4
Let y be 5 - ((-25)/(-5) + -42). Suppose y*m + 24 = 34*m. Let z(l) = -l**2 + 3. Give z(m).
-6
Let p(u) = -15*u + 2. Suppose 0 = 16*c - 20*c + 28. Suppose -11 = c*r - 25. What is p(r)?
-28
Let h(y) = -y + 28. Let w(x) = -18*x + 533. Let q be w(29). Give h(q).
17
Let z(l) = 2*l + 2*l**2 - l**2 - 2*l**2 - 1. Let x be (50/125)/(2/50). Suppose 0 = 3*w + 5*r - 22, -2*w + 3*r = -3*w + x. What is z(w)?
-9
Let l(q) = 3*q**2 + 5*q**3 + 2*q**3 + 5 - 12*q**3 + 4*q**3. Suppose 4*k + 29 = 3*w + 1, 3*k = -w - 8. Calculate l(w).
-11
Let g(r) = -41*r**2 + 3*r + 43*r**2 - 3 - 13*r. Suppose -k - 3*k = -3*s + 10, -5*k = -3*s + 8. Let y be g(s). Let f(u) = -u + 13. Give f(y).
4
Suppose o + 21 = 26*h - 31*h, -2*o = -2*h + 6. Let x(l) = -2*l**2 - 8*l + 1. What is x(o)?
-23
Let b be ((-160)/96)/(10/(-36) - 0). Let d(f) = 2*f**2 - 30085 - f**2 + 30083 + b*f. Give d(-5).
-7
Let u be 4/(-12) + 2/6. Suppose 4*h + 3*i = 7*h - 30, 0 = -h - 5*i + 4. Let m(c) = -h*c + 2*c + 8*c - 2. What is m(u)?
-2
Let b = -23954 - -23960. Let x(z) = -z + 1 - 5*z + 5*z. Give x(b).
-5
Suppose -4 - 6 = 5*i. Let s(m) = -2*m. Let t be s(5). Let j be 8 + t - (i + -1). Let a(n) = 9*n**2 + n - 1. What is a(j)?
9
Let f(w) = -w**2 + 16*w - 19. Suppose -x + 12 = -a, -48*a + 18 = x - 46*a. What is f(x)?
9
Suppose 0 = 23*j - 512 + 535. Let r(i) = 80*i**3 - 2*i**2 - 3*i - 2. Determine r(j).
-81
Let y(z) = -7*z - 110 + 92 + 9*z + 0*z. Determine y(6).
-6
Let u = 74 - 90. Let p(v) = -v - 18. Let s be p(u). Let q(k) = -k + 6. Let h(l) = l - 3. Let z(r) = s*q(r) - 5*h(r). Give z(3).
-6
Let v(m) = m**2 + 1 - 1348*m - 1331*m + 2675*m. Suppose -w = -3*x - 4, w - 5*x = -10*x - 12. Let q be (12/9)/(w/(-6)). Calculate v(q).
1
Let c(n) = -2*n + 38*n**2 + n + 33*n**2 + 3*n**3 - 69*n**2 + 1. Let l(v) = -v + 5. Let m be l(-2). Suppose -3*u = j + 11, -j + 4*u + m = u. Determine c(j).
-13
Suppose 0 = 223*n - 184*n + 156. Let d(r) = -5*r**2 - r + 3. Give d(n).
-73
Let h(c) = 10*c - 15*c + 7 - 36*c**2 - 13*c + 32*c**2. Give h(-4).
15
Let l = -57 - -33. Let o = 22 + l. Let r(b) = -2*b - 13*b + 1 + 18*b. Determine r(o).
-5
Let c(r) = 23*r**2 - 92*r + 47*r**3 + 28*r**3 + 21*r**2 + 1 - 74*r**3. Give c(-46).
1
Let g(m) = m**3 - 2*m**2 - 2*m + 1. Let v be (-29)/(-116) 